 tens digit of (-6)/(-9) - (-102)/f?
1
Let h be -4 + 2 - (3 - 15). Let w(t) = -8*t**2 + h*t**2 - 1 - t + 0. What is the tens digit of w(3)?
1
Let v be -3*(-3 - 2/6). Let s(b) = b + 4 + v - 2. What is the units digit of s(-5)?
7
Let a = -7 + -4. Let u = -6 + a. Let y = 25 + u. What is the units digit of y?
8
Let a = 101 - -11. What is the tens digit of a?
1
What is the hundreds digit of (-142)/(-1) + -2 - 1?
1
Let d(h) = -h**2 - 11*h - 5. What is the tens digit of d(-7)?
2
Let a(n) = n**3 - 7*n**2 - 3. Let i be a(7). What is the units digit of (-3)/((-4)/((-8)/i))?
2
Let l be (0 - 0/(-2)) + 2. Suppose -w + 1 - l = 0. What is the units digit of 10 + -2 - (w + 1)?
8
Let r be (-2)/3 + (-644)/6. What is the tens digit of r/8*12/(-9)?
1
Suppose u + 5*x = -2*u, -x - 3 = 0. What is the units digit of (-2)/(-4)*2 + u?
6
Let p be 206/(-13) - 12/78. Let q = p + 28. What is the tens digit of q?
1
Let p(i) = -8*i - 15. Suppose 2*z - 7*z + 3*x - 60 = 0, -8 = 2*z + 2*x. What is the units digit of p(z)?
7
Let q(c) = 4*c + 2. Let z be q(3). What is the units digit of 4/z - 618/(-42)?
5
Let u(a) be the third derivative of a**4/8 - a**3/2 + 3*a**2. What is the units digit of u(3)?
6
Suppose -10 = -2*f - 2*b, 0*b - 41 = -5*f + 3*b. Let a be f*-1 - (0 - 1). Let m(u) = u**3 + 7*u**2 + 4*u - 6. What is the units digit of m(a)?
6
Suppose 0 = 5*k + 6*k - 1727. What is the hundreds digit of k?
1
Suppose -4*z + 87 = 3*l - 7*z, 0 = -5*l - 5*z + 95. What is the tens digit of l?
2
Suppose 38 + 27 = 3*a - 4*c, 3*a = -2*c + 35. Let u = -11 - -7. Let l = u + a. What is the tens digit of l?
1
Suppose -d + 39 = -26. What is the units digit of d?
5
Let i(w) = w**2 - 2*w - 5. Let r be i(-4). Suppose t - r = -3*s + 14, -20 = -5*s. What is the tens digit of t?
2
Let i(r) = r**2 + 7*r - 6. What is the units digit of i(-8)?
2
What is the tens digit of 4/(-6)*-6 + 13?
1
Suppose -70 = -6*r + 146. What is the units digit of r?
6
Let a = 13 + -8. What is the units digit of 17/a + 4/(-10)?
3
Suppose -5*l + 9 = -4*v + 36, -v + 15 = -4*l. What is the units digit of v?
3
Suppose 3*k = w + 13, 0 = -2*w - 2*k + 6*k - 16. Let c be (-6)/10*(10 - 15). What is the units digit of c/2*w/1?
3
Let x(r) = -2*r**2 - 1 + 0*r**3 + 2*r**3 + 3*r**2. Let v be 2/(-10) - 33/(-15). What is the tens digit of x(v)?
1
Suppose 3*v = 2*v. Let l(z) = z + 2. Let s be l(v). Suppose -10 = -s*g - 3*x, -4 = -4*g + 2*x - 0*x. What is the units digit of g?
2
Suppose 2*q + 2 = -4*d - 0*d, -q - 9 = 4*d. What is the tens digit of 10/q*(9 + -2)?
1
Suppose 0 = -4*o - 0 + 4. Let q = o + -2. Let b = q - -3. What is the units digit of b?
2
Suppose 0 = -4*j - 0 + 68. Let m be ((-2)/1 - -4)*-1. Let w = m + j. What is the tens digit of w?
1
Suppose -4*m + 2*z = -2 - 0, 7 = -m + 2*z. What is the units digit of m?
3
Let k be 5/10*(0 + 2). Let j be k/((4/2)/8). Suppose -j*s = -s - 6. What is the units digit of s?
2
Suppose 0 = -b + 4*f + 4, 2*f + 37 = 5*b - f. Let p = b + 1. What is the units digit of p?
9
Let b(z) = -2*z**2 + 16*z - 9. What is the tens digit of b(6)?
1
Let o be 54/24 - (-1)/(-4). Let p be 1*1/o*2. What is the units digit of (p/2)/(6/36)?
3
What is the tens digit of (6 - (-4)/(-4)) + 77?
8
Let j(w) = 4*w**2 - 9*w. What is the tens digit of j(-4)?
0
Let i be (-33)/5 + (-4)/10. Let d = 11 + i. Let p(x) = x**2 - 3*x - 1. What is the units digit of p(d)?
3
Let z(y) = -y**2 + y + 9. Let t be z(-8). Let j = t - -90. What is the units digit of j?
7
Let f(w) be the second derivative of w**4 - w**3/6 + w**2/2 + 3*w. What is the tens digit of f(1)?
1
Let z be -2 - (-2)/((-2)/(-5)). Suppose z*w - 2*w - 16 = 0. What is the units digit of w?
6
Let g(d) = -3*d - 7. Let a be g(-5). Let f be 130/8 - (-6)/a. Let j = 24 - f. What is the units digit of j?
7
Suppose -4*l + 3*f = -9, -2 = -l + f - 0. Let r(s) = -4*s**2 + 2 + 5 + 7*s + l*s**2. What is the units digit of r(7)?
7
Let y(d) = -d**3 - 9*d**2 + 5*d + 11. What is the units digit of y(-10)?
1
Let q be 2 + -2 + 4 + -12. Let l be (-1 - 50)*q/12. Suppose 3*s - l + 13 = 0. What is the units digit of s?
7
Let f(b) = -10*b**3 - b**2 - b - 1. What is the units digit of f(-1)?
9
Let w = 3 - 0. Suppose 2 + 8 = -2*b, a - 17 = 3*b. Suppose w*u - y = 4*u - 11, y = -a*u + 19. What is the units digit of u?
8
Let t(l) = l**2 - l + 1. Let y be t(2). Suppose y*h = h + 4, 0 = 4*x + 2*h - 64. What is the tens digit of x?
1
Suppose -p = -5*p + 12. Let q be 6/8 - 9/12. What is the units digit of q + (-2 + p - -1)?
2
Suppose -7 = 2*u - 3*u + z, 3*u + 5*z = 61. What is the units digit of u?
2
Let k be (-12)/10*25/5. What is the units digit of (-256)/(-24)*k/(-4)?
6
Suppose 3*v + 2*v = -3*w + 43, 3*w = 4*v - 56. What is the tens digit of v?
1
Let h(q) = -q**3 + 10*q**2 + 21*q - 11. What is the hundreds digit of h(9)?
2
Let p(h) = -38*h - 3. What is the units digit of p(-2)?
3
Suppose 221 - 17 = r. What is the hundreds digit of r?
2
Let y(c) = -c**3 - 2*c**2 + 4*c - 4. Suppose 2*l + z = -7, l + 0*z = -z - 3. What is the units digit of y(l)?
2
Let a(k) = 13*k**2 - 25*k + 3. Let c(g) = -4*g**2 + 8*g - 1. Let b(z) = -2*a(z) - 7*c(z). Let n = 8 + -4. What is the units digit of b(n)?
9
Suppose 71 = 4*g - 3*q, -2*q + 7*q - 46 = -3*g. What is the tens digit of g?
1
Let q(v) = v**2 - 6*v + 3. Let i be q(6). Suppose -3*m + 2*g + 9 = 0, -5*g + 9 = i*m - 0*g. Suppose -4*r + 9 = -7, -m*r + 14 = j. What is the units digit of j?
2
Suppose -2*s - 6 = 0, 2*t - 1282 = -2*t - 2*s. What is the units digit of t?
2
Suppose -2*s + 2*w = -22, 0 = -3*s - w - w + 8. Let t = s + 5. Suppose -t = -b - 0. What is the tens digit of b?
1
Suppose -2*r + 19 = -17. Let j = 12 - 7. Suppose r = j*l + 3. What is the units digit of l?
3
Let i(g) = -g + 15. Let w be i(5). Suppose -w*f - 180 = -15*f. What is the units digit of f?
6
Suppose c - 2*c = 0. Let x be (12 + -8)*(c + 1). Suppose -3*v + 4*f + 5 = -9, -3*v - 5*f = x. What is the units digit of v?
2
What is the units digit of 1332/15 + 2/10?
9
Suppose 218 = 5*r - 3*r. What is the hundreds digit of r?
1
Suppose 5*g + b - 144 = 5*b, 4*b = -4*g + 108. What is the units digit of g?
8
Let t = 0 + 1. Suppose 0 = u + 5 - t. Let n = u + 5. What is the units digit of n?
1
Suppose 29 = 4*x - 15. What is the units digit of x?
1
Suppose -5*p + q - 5 = 0, 0*p + p + q + 7 = 0. Suppose i + 3*i - 4 = 0. What is the tens digit of (5/p)/(i/(-4))?
1
Suppose 320 = 5*t + 3*u - 162, 3*u - 388 = -4*t. What is the units digit of t?
4
Suppose -f = f - 78. What is the tens digit of f?
3
Let p(l) = -l**3 - 6*l**2 + l + 8. Let c = 16 - 22. Let a be p(c). Suppose -4*t = -3*w + w - 42, -a*w = -t + 3. What is the units digit of t?
3
Suppose 5*x - 256 = -3*x. What is the tens digit of x?
3
Let k be -8 + -1 + -1 + 0. What is the units digit of ((-12)/10)/(4/k)?
3
Let x = 36 + -29. What is the units digit of x?
7
Suppose 468 = -21*v + 25*v. Let d be 4/(-3) + (-1)/(-3). What is the tens digit of d/(-4) + v/12?
1
Suppose 5*n - 4*p = 7 + 2, -3*p - 3 = -3*n. Suppose -5*q = -3*x + 26, 2*x - n*q = 6*x - 93. What is the units digit of x?
7
Let v = 40 + 51. What is the tens digit of v?
9
Let b(a) = a + 14. Let y be b(-6). Let x be (5/2)/(-5)*0. Suppose k + x*k = y. What is the units digit of k?
8
Let f be 3/(1 + -4) + 4. Suppose f*x + 28 = 5*x. What is the units digit of x?
4
What is the units digit of 240/18*(-1 - (-116)/20)?
4
Suppose -4*n + 370 = -2*n. What is the units digit of n?
5
Suppose -2*l = z - 49, -z + 3 + 2 = 0. What is the tens digit of l?
2
Suppose q - 7 = -3*b, 0 = -0*b + 5*b - 3*q + 7. What is the units digit of b - (-1 + 4 - 13)?
1
Suppose n = -3*n - 12. Let u = -5 - n. What is the units digit of 1/u + (-30)/(-4)?
7
Let u(b) = 25*b**2 - 1. What is the units digit of u(-1)?
4
Let s(n) = -20*n + 4. What is the tens digit of s(-6)?
2
Let h = 11 + -11. Let m(f) = 21 + 3*f - 9 - 2*f. What is the units digit of m(h)?
2
Suppose -6 = -s - 0*s - 2*f, -4*f = 3*s - 18. Let k be (3/s + 1)*-2. Let a = k + 13. What is the units digit of a?
0
Let u(v) = -v**3 + 6*v**2 - 6*v + 2. Let n be u(4). Suppose 5*z + 0*z - n = 0. What is the units digit of z?
2
What is the units digit of 415 + (0 + 4 - (1 - -3))?
5
Suppose -4*a + 104 + 64 = 0. What is the units digit of a?
2
Suppose -2*j - 2*l = -10, -6*l - 17 = -5*j - 3*l. Suppose o 